{"id":724,"date":"2019-02-03T17:39:51","date_gmt":"2019-02-03T14:39:51","guid":{"rendered":"http:\/\/akyolgroup.com.tr\/?page_id=724"},"modified":"2019-02-04T00:19:09","modified_gmt":"2019-02-03T21:19:09","slug":"klasik-seri","status":"publish","type":"page","link":"https:\/\/akyolgroup.com.tr\/index.php\/urunler\/ic-mekan-kapisi\/klasik-seri\/","title":{"rendered":"Klasik Seri"},"content":{"rendered":"<div id=\"pl-724\"  class=\"panel-layout\" ><div id=\"pg-724-0\"  class=\"panel-grid panel-has-style\" ><div class=\"panel-row-style panel-row-style-for-724-0\" ><div id=\"pgc-724-0-0\"  class=\"panel-grid-cell\" ><div id=\"panel-724-0-0-0\" class=\"so-panel widget widget_sow-editor panel-first-child panel-last-child\" data-index=\"0\" ><div\n\t\t\t\n\t\t\tclass=\"so-widget-sow-editor so-widget-sow-editor-base\"\n\t\t\t\n\t\t>\n<div class=\"siteorigin-widget-tinymce textwidget\">\n\t<p><img loading=\"lazy\" decoding=\"async\" class=\"size-full wp-image-448 aligncenter\" src=\"http:\/\/akyolgroup.com.tr\/wp-content\/uploads\/2019\/02\/header-resim.jpg\" alt=\"\" width=\"2000\" height=\"850\" srcset=\"https:\/\/akyolgroup.com.tr\/wp-content\/uploads\/2019\/02\/header-resim.jpg 2000w, https:\/\/akyolgroup.com.tr\/wp-content\/uploads\/2019\/02\/header-resim-300x128.jpg 300w, https:\/\/akyolgroup.com.tr\/wp-content\/uploads\/2019\/02\/header-resim-768x326.jpg 768w, https:\/\/akyolgroup.com.tr\/wp-content\/uploads\/2019\/02\/header-resim-1024x435.jpg 1024w\" sizes=\"auto, (max-width: 2000px) 100vw, 2000px\" \/><\/p>\n<\/div>\n<\/div><\/div><\/div><\/div><\/div><div id=\"pg-724-1\"  class=\"panel-grid panel-has-style\" ><div class=\"panel-row-style panel-row-style-for-724-1\" ><div id=\"pgc-724-1-0\"  class=\"panel-grid-cell\" ><div id=\"panel-724-1-0-0\" class=\"so-panel widget widget_sow-editor panel-first-child panel-last-child\" data-index=\"1\" ><div\n\t\t\t\n\t\t\tclass=\"so-widget-sow-editor so-widget-sow-editor-base\"\n\t\t\t\n\t\t>\n<div class=\"siteorigin-widget-tinymce textwidget\">\n\t<h3>Sade dokunu\u015flar ve pratik bir zariflik<\/h3>\n<p class=\"space-top\">Sadece hayal g\u00fcc\u00fcn\u00fcz ve dekorasyon zevkinize hitap eden, tasar\u0131m\u0131n\u0131 sadelikle b\u00fct\u00fcnle\u015ftiren Flat Serisi,<br \/>\nsizi kendine hayran b\u0131rakacak. Bir kap\u0131dan ziyade dekorasyonunuzun tamamlay\u0131c\u0131 unsuru olan<br \/>\nFlat serisi sizi sadeli\u011fe davet ediyor.<\/p>\n<\/div>\n<\/div><\/div><\/div><div id=\"pgc-724-1-1\"  class=\"panel-grid-cell\" ><div id=\"panel-724-1-1-0\" class=\"so-panel widget widget_sow-editor panel-first-child panel-last-child\" data-index=\"2\" ><div\n\t\t\t\n\t\t\tclass=\"so-widget-sow-editor so-widget-sow-editor-base\"\n\t\t\t\n\t\t>\n<div class=\"siteorigin-widget-tinymce textwidget\">\n\t<p><img loading=\"lazy\" decoding=\"async\" class=\"aligncenter size-full wp-image-608\" src=\"http:\/\/akyolgroup.com.tr\/wp-content\/uploads\/2019\/02\/Eclipse2_Kare_2-1.jpg\" alt=\"\" width=\"1200\" height=\"1200\" srcset=\"https:\/\/akyolgroup.com.tr\/wp-content\/uploads\/2019\/02\/Eclipse2_Kare_2-1.jpg 1200w, https:\/\/akyolgroup.com.tr\/wp-content\/uploads\/2019\/02\/Eclipse2_Kare_2-1-150x150.jpg 150w, https:\/\/akyolgroup.com.tr\/wp-content\/uploads\/2019\/02\/Eclipse2_Kare_2-1-300x300.jpg 300w, https:\/\/akyolgroup.com.tr\/wp-content\/uploads\/2019\/02\/Eclipse2_Kare_2-1-768x768.jpg 768w, https:\/\/akyolgroup.com.tr\/wp-content\/uploads\/2019\/02\/Eclipse2_Kare_2-1-1024x1024.jpg 1024w\" sizes=\"auto, (max-width: 1200px) 100vw, 1200px\" \/><\/p>\n<\/div>\n<\/div><\/div><\/div><\/div><\/div><div id=\"pg-724-2\"  class=\"panel-grid panel-has-style\" ><div class=\"panel-row-style panel-row-style-for-724-2\" ><div id=\"pgc-724-2-0\"  class=\"panel-grid-cell\" ><div id=\"panel-724-2-0-0\" class=\"so-panel widget widget_sow-image panel-first-child\" data-index=\"3\" ><div\n\t\t\t\n\t\t\tclass=\"so-widget-sow-image so-widget-sow-image-default-8b5b6f678277-724\"\n\t\t\t\n\t\t>\n<div class=\"sow-image-container\">\n\t\t\t<a href=\"http:\/\/akyolgroup.com.tr\/index.php\/urunler\/ic-mekan-kapisi\/klasik-seri\/retro-serisi\/\"\n\t\t\t\t\t>\n\t\t\t<img \n\tsrc=\"https:\/\/akyolgroup.com.tr\/wp-content\/uploads\/2019\/02\/Retro3_Kare_2.jpg\" width=\"2775\" height=\"2775\" srcset=\"https:\/\/akyolgroup.com.tr\/wp-content\/uploads\/2019\/02\/Retro3_Kare_2.jpg 2775w, https:\/\/akyolgroup.com.tr\/wp-content\/uploads\/2019\/02\/Retro3_Kare_2-150x150.jpg 150w, https:\/\/akyolgroup.com.tr\/wp-content\/uploads\/2019\/02\/Retro3_Kare_2-300x300.jpg 300w, https:\/\/akyolgroup.com.tr\/wp-content\/uploads\/2019\/02\/Retro3_Kare_2-768x768.jpg 768w, https:\/\/akyolgroup.com.tr\/wp-content\/uploads\/2019\/02\/Retro3_Kare_2-1024x1024.jpg 1024w\" sizes=\"(max-width: 2775px) 100vw, 2775px\" alt=\"\" \t\tclass=\"so-widget-image\"\/>\n\t\t\t<\/a><\/div>\n\n<\/div><\/div><div id=\"panel-724-2-0-1\" class=\"so-panel widget widget_sow-button panel-last-child\" data-index=\"4\" ><div\n\t\t\t\n\t\t\tclass=\"so-widget-sow-button so-widget-sow-button-atom-bb13d0f132cd-724\"\n\t\t\t\n\t\t><div class=\"ow-button-base ow-button-align-center\"\n>\n\t\t\t<a\n\t\t\t\t\thref=\"http:\/\/akyolgroup.com.tr\/index.php\/urunler\/ic-mekan-kapisi\/klasik-seri\/retro-serisi\/\"\n\t\t\t\t\tclass=\"sowb-button ow-icon-placement-left ow-button-hover\" \t>\n\t\t<span>\n\t\t\t\n\t\t\tRetro Serisi\t\t<\/span>\n\t\t\t<\/a>\n\t<\/div>\n<\/div><\/div><\/div><div id=\"pgc-724-2-1\"  class=\"panel-grid-cell\" ><div id=\"panel-724-2-1-0\" class=\"so-panel widget widget_sow-image panel-first-child\" data-index=\"5\" ><div\n\t\t\t\n\t\t\tclass=\"so-widget-sow-image so-widget-sow-image-default-8b5b6f678277-724\"\n\t\t\t\n\t\t>\n<div class=\"sow-image-container\">\n\t\t\t<a href=\"http:\/\/akyolgroup.com.tr\/index.php\/urunler\/ic-mekan-kapisi\/klasik-seri\/giza-serisi\/\"\n\t\t\t\t\t>\n\t\t\t<img \n\tsrc=\"https:\/\/akyolgroup.com.tr\/wp-content\/uploads\/2019\/02\/Giza3_Kare_1.jpg\" width=\"1200\" height=\"1200\" srcset=\"https:\/\/akyolgroup.com.tr\/wp-content\/uploads\/2019\/02\/Giza3_Kare_1.jpg 1200w, https:\/\/akyolgroup.com.tr\/wp-content\/uploads\/2019\/02\/Giza3_Kare_1-150x150.jpg 150w, https:\/\/akyolgroup.com.tr\/wp-content\/uploads\/2019\/02\/Giza3_Kare_1-300x300.jpg 300w, https:\/\/akyolgroup.com.tr\/wp-content\/uploads\/2019\/02\/Giza3_Kare_1-768x768.jpg 768w, https:\/\/akyolgroup.com.tr\/wp-content\/uploads\/2019\/02\/Giza3_Kare_1-1024x1024.jpg 1024w\" sizes=\"(max-width: 1200px) 100vw, 1200px\" alt=\"\" \t\tclass=\"so-widget-image\"\/>\n\t\t\t<\/a><\/div>\n\n<\/div><\/div><div id=\"panel-724-2-1-1\" class=\"so-panel widget widget_sow-button panel-last-child\" data-index=\"6\" ><div\n\t\t\t\n\t\t\tclass=\"so-widget-sow-button so-widget-sow-button-atom-bb13d0f132cd-724\"\n\t\t\t\n\t\t><div class=\"ow-button-base ow-button-align-center\"\n>\n\t\t\t<a\n\t\t\t\t\thref=\"http:\/\/akyolgroup.com.tr\/index.php\/urunler\/ic-mekan-kapisi\/klasik-seri\/giza-serisi\/\"\n\t\t\t\t\tclass=\"sowb-button ow-icon-placement-left ow-button-hover\" \t>\n\t\t<span>\n\t\t\t\n\t\t\tGiza Serisi\t\t<\/span>\n\t\t\t<\/a>\n\t<\/div>\n<\/div><\/div><\/div><div id=\"pgc-724-2-2\"  class=\"panel-grid-cell\" ><div id=\"panel-724-2-2-0\" class=\"so-panel widget widget_sow-image panel-first-child\" data-index=\"7\" ><div\n\t\t\t\n\t\t\tclass=\"so-widget-sow-image so-widget-sow-image-default-8b5b6f678277-724\"\n\t\t\t\n\t\t>\n<div class=\"sow-image-container\">\n\t\t\t<a href=\"http:\/\/akyolgroup.com.tr\/index.php\/urunler\/ic-mekan-kapisi\/klasik-seri\/floria-serisi\/\"\n\t\t\t\t\t>\n\t\t\t<img \n\tsrc=\"https:\/\/akyolgroup.com.tr\/wp-content\/uploads\/2019\/02\/floria3_Kare_2.jpg\" width=\"1200\" height=\"1200\" srcset=\"https:\/\/akyolgroup.com.tr\/wp-content\/uploads\/2019\/02\/floria3_Kare_2.jpg 1200w, https:\/\/akyolgroup.com.tr\/wp-content\/uploads\/2019\/02\/floria3_Kare_2-150x150.jpg 150w, https:\/\/akyolgroup.com.tr\/wp-content\/uploads\/2019\/02\/floria3_Kare_2-300x300.jpg 300w, https:\/\/akyolgroup.com.tr\/wp-content\/uploads\/2019\/02\/floria3_Kare_2-768x768.jpg 768w, https:\/\/akyolgroup.com.tr\/wp-content\/uploads\/2019\/02\/floria3_Kare_2-1024x1024.jpg 1024w\" sizes=\"(max-width: 1200px) 100vw, 1200px\" alt=\"\" \t\tclass=\"so-widget-image\"\/>\n\t\t\t<\/a><\/div>\n\n<\/div><\/div><div id=\"panel-724-2-2-1\" class=\"so-panel widget widget_sow-button panel-last-child\" data-index=\"8\" ><div\n\t\t\t\n\t\t\tclass=\"so-widget-sow-button so-widget-sow-button-atom-bb13d0f132cd-724\"\n\t\t\t\n\t\t><div class=\"ow-button-base ow-button-align-center\"\n>\n\t\t\t<a\n\t\t\t\t\thref=\"http:\/\/akyolgroup.com.tr\/index.php\/urunler\/ic-mekan-kapisi\/klasik-seri\/floria-serisi\/\"\n\t\t\t\t\tclass=\"sowb-button ow-icon-placement-left ow-button-hover\" \t>\n\t\t<span>\n\t\t\t\n\t\t\tFloria Serisi\t\t<\/span>\n\t\t\t<\/a>\n\t<\/div>\n<\/div><\/div><\/div><\/div><\/div><div id=\"pg-724-3\"  class=\"panel-grid panel-has-style\" ><div class=\"panel-row-style panel-row-style-for-724-3\" ><div id=\"pgc-724-3-0\"  class=\"panel-grid-cell\" ><div id=\"panel-724-3-0-0\" class=\"so-panel widget widget_sow-image panel-first-child\" data-index=\"9\" ><div\n\t\t\t\n\t\t\tclass=\"so-widget-sow-image so-widget-sow-image-default-8b5b6f678277-724\"\n\t\t\t\n\t\t>\n<div class=\"sow-image-container\">\n\t\t\t<a href=\"http:\/\/akyolgroup.com.tr\/index.php\/urunler\/ic-mekan-kapisi\/klasik-seri\/mare-serisi\/\"\n\t\t\t\t\t>\n\t\t\t<img \n\tsrc=\"https:\/\/akyolgroup.com.tr\/wp-content\/uploads\/2019\/02\/Mare2_Kare_2.jpg\" width=\"1200\" height=\"1200\" srcset=\"https:\/\/akyolgroup.com.tr\/wp-content\/uploads\/2019\/02\/Mare2_Kare_2.jpg 1200w, https:\/\/akyolgroup.com.tr\/wp-content\/uploads\/2019\/02\/Mare2_Kare_2-150x150.jpg 150w, https:\/\/akyolgroup.com.tr\/wp-content\/uploads\/2019\/02\/Mare2_Kare_2-300x300.jpg 300w, https:\/\/akyolgroup.com.tr\/wp-content\/uploads\/2019\/02\/Mare2_Kare_2-768x768.jpg 768w, https:\/\/akyolgroup.com.tr\/wp-content\/uploads\/2019\/02\/Mare2_Kare_2-1024x1024.jpg 1024w\" sizes=\"(max-width: 1200px) 100vw, 1200px\" alt=\"\" \t\tclass=\"so-widget-image\"\/>\n\t\t\t<\/a><\/div>\n\n<\/div><\/div><div id=\"panel-724-3-0-1\" class=\"so-panel widget widget_sow-button panel-last-child\" data-index=\"10\" ><div\n\t\t\t\n\t\t\tclass=\"so-widget-sow-button so-widget-sow-button-atom-bb13d0f132cd-724\"\n\t\t\t\n\t\t><div class=\"ow-button-base ow-button-align-center\"\n>\n\t\t\t<a\n\t\t\t\t\thref=\"http:\/\/akyolgroup.com.tr\/index.php\/urunler\/ic-mekan-kapisi\/klasik-seri\/mare-serisi\/\"\n\t\t\t\t\tclass=\"sowb-button ow-icon-placement-left ow-button-hover\" \t>\n\t\t<span>\n\t\t\t\n\t\t\tMare Serisi\t\t<\/span>\n\t\t\t<\/a>\n\t<\/div>\n<\/div><\/div><\/div><div id=\"pgc-724-3-1\"  class=\"panel-grid-cell panel-grid-cell-mobile-last\" ><div id=\"panel-724-3-1-0\" class=\"so-panel widget widget_sow-image panel-first-child\" data-index=\"11\" ><div\n\t\t\t\n\t\t\tclass=\"so-widget-sow-image so-widget-sow-image-default-8b5b6f678277-724\"\n\t\t\t\n\t\t>\n<div class=\"sow-image-container\">\n\t\t\t<a href=\"http:\/\/akyolgroup.com.tr\/index.php\/urunler\/ic-mekan-kapisi\/klasik-seri\/ephesus-serisi\/\"\n\t\t\t\t\t>\n\t\t\t<img \n\tsrc=\"https:\/\/akyolgroup.com.tr\/wp-content\/uploads\/2019\/02\/ephessus3_Kare_1.jpg\" width=\"1200\" height=\"1200\" srcset=\"https:\/\/akyolgroup.com.tr\/wp-content\/uploads\/2019\/02\/ephessus3_Kare_1.jpg 1200w, https:\/\/akyolgroup.com.tr\/wp-content\/uploads\/2019\/02\/ephessus3_Kare_1-150x150.jpg 150w, https:\/\/akyolgroup.com.tr\/wp-content\/uploads\/2019\/02\/ephessus3_Kare_1-300x300.jpg 300w, https:\/\/akyolgroup.com.tr\/wp-content\/uploads\/2019\/02\/ephessus3_Kare_1-768x768.jpg 768w, https:\/\/akyolgroup.com.tr\/wp-content\/uploads\/2019\/02\/ephessus3_Kare_1-1024x1024.jpg 1024w\" sizes=\"(max-width: 1200px) 100vw, 1200px\" alt=\"\" \t\tclass=\"so-widget-image\"\/>\n\t\t\t<\/a><\/div>\n\n<\/div><\/div><div id=\"panel-724-3-1-1\" class=\"so-panel widget widget_sow-button panel-last-child\" data-index=\"12\" ><div\n\t\t\t\n\t\t\tclass=\"so-widget-sow-button so-widget-sow-button-atom-bb13d0f132cd-724\"\n\t\t\t\n\t\t><div class=\"ow-button-base ow-button-align-center\"\n>\n\t\t\t<a\n\t\t\t\t\thref=\"http:\/\/akyolgroup.com.tr\/index.php\/urunler\/ic-mekan-kapisi\/klasik-seri\/ephesus-serisi\/\"\n\t\t\t\t\tclass=\"sowb-button ow-icon-placement-left ow-button-hover\" \t>\n\t\t<span>\n\t\t\t\n\t\t\tEphesus Serisi\t\t<\/span>\n\t\t\t<\/a>\n\t<\/div>\n<\/div><\/div><\/div><div id=\"pgc-724-3-2\"  class=\"panel-grid-cell panel-grid-cell-empty\" ><\/div><\/div><\/div><\/div>","protected":false},"excerpt":{"rendered":"<p>Sade dokunu\u015flar ve pratik bir zariflik Sadece hayal g\u00fcc\u00fcn\u00fcz ve dekorasyon zevkinize hitap eden, tasar\u0131m\u0131n\u0131 sadelikle b\u00fct\u00fcnle\u015ftiren Flat Serisi, sizi kendine hayran b\u0131rakacak. Bir kap\u0131dan ziyade dekorasyonunuzun tamamlay\u0131c\u0131 unsuru olan Flat serisi sizi sadeli\u011fe davet ediyor.<\/p>\n","protected":false},"author":1,"featured_media":754,"parent":410,"menu_order":0,"comment_status":"closed","ping_status":"closed","template":"page-templates\/template-builder.php","meta":{"footnotes":""},"class_list":["post-724","page","type-page","status-publish","has-post-thumbnail","hentry"],"_links":{"self":[{"href":"https:\/\/akyolgroup.com.tr\/index.php\/wp-json\/wp\/v2\/pages\/724","targetHints":{"allow":["GET"]}}],"collection":[{"href":"https:\/\/akyolgroup.com.tr\/index.php\/wp-json\/wp\/v2\/pages"}],"about":[{"href":"https:\/\/akyolgroup.com.tr\/index.php\/wp-json\/wp\/v2\/types\/page"}],"author":[{"embeddable":true,"href":"https:\/\/akyolgroup.com.tr\/index.php\/wp-json\/wp\/v2\/users\/1"}],"replies":[{"embeddable":true,"href":"https:\/\/akyolgroup.com.tr\/index.php\/wp-json\/wp\/v2\/comments?post=724"}],"version-history":[{"count":12,"href":"https:\/\/akyolgroup.com.tr\/index.php\/wp-json\/wp\/v2\/pages\/724\/revisions"}],"predecessor-version":[{"id":831,"href":"https:\/\/akyolgroup.com.tr\/index.php\/wp-json\/wp\/v2\/pages\/724\/revisions\/831"}],"up":[{"embeddable":true,"href":"https:\/\/akyolgroup.com.tr\/index.php\/wp-json\/wp\/v2\/pages\/410"}],"wp:featuredmedia":[{"embeddable":true,"href":"https:\/\/akyolgroup.com.tr\/index.php\/wp-json\/wp\/v2\/media\/754"}],"wp:attachment":[{"href":"https:\/\/akyolgroup.com.tr\/index.php\/wp-json\/wp\/v2\/media?parent=724"}],"curies":[{"name":"wp","href":"https:\/\/api.w.org\/{rel}","templated":true}]}}